 73271 is divided by 14634?
101
What is the remainder when 7828717 is divided by 29103?
10
Calculate the remainder when 320840 is divided by 8019.
80
Calculate the remainder when 15837046 is divided by 258.
232
What is the remainder when 69056970 is divided by 35432?
2
Calculate the remainder when 61106971 is divided by 56.
51
Calculate the remainder when 3879243 is divided by 71837.
45
What is the remainder when 5774819 is divided by 1079?
11
Calculate the remainder when 1433064 is divided by 1432937.
127
Calculate the remainder when 531959 is divided by 93.
92
Calculate the remainder when 4842351 is divided by 807058.
3
What is the remainder when 2735336 is divided by 8?
0
Calculate the remainder when 374244 is divided by 20790.
24
What is the remainder when 29184 is divided by 528?
144
What is the remainder when 179319 is divided by 9437?
16
What is the remainder when 2656917 is divided by 1328444?
29
Calculate the remainder when 25379 is divided by 8336.
371
Calculate the remainder when 6799770 is divided by 188.
186
What is the remainder when 821772 is divided by 808?
36
Calculate the remainder when 286313180 is divided by 2677.
2676
Calculate the remainder when 1013582 is divided by 3693.
1700
What is the remainder when 65236715 is divided by 20?
15
Calculate the remainder when 38875 is divided by 2944.
603
What is the remainder when 430342065 is divided by 3309?
3306
Calculate the remainder when 2105396 is divided by 9234.
44
What is the remainder when 446462 is divided by 55802?
46
Calculate the remainder when 4714444 is divided by 14200.
44
Calculate the remainder when 19691074 is divided by 75.
49
What is the remainder when 204467 is divided by 1466?
693
What is the remainder when 81496 is divided by 40719?
58
What is the remainder when 1473786 is divided by 70?
6
What is the remainder when 247489 is divided by 6187?
9
What is the remainder when 288405 is divided by 28453?
3875
What is the remainder when 13817848 is divided by 75?
73
What is the remainder when 27276205 is divided by 9008?
8989
Calculate the remainder when 64859476 is divided by 3583.
10
What is the remainder when 377281 is divided by 23580?
1
Calculate the remainder when 2024544 is divided by 674758.
270
Calculate the remainder when 7286678 is divided by 452.
438
Calculate the remainder when 44695 is divided by 8773.
830
What is the remainder when 387574 is divided by 127947?
3733
What is the remainder when 29192 is divided by 1455?
92
Calculate the remainder when 1224524 is divided by 24010.
14
What is the remainder when 6908352 is divided by 2302256?
1584
What is the remainder when 250283404 is divided by 21?
7
Calculate the remainder when 191619 is divided by 2032.
611
Calculate the remainder when 1857276 is divided by 371449.
31
Calculate the remainder when 7448596 is divided by 188.
36
What is the remainder when 17415772 is divided by 8707881?
10
Calculate the remainder when 15776710 is divided by 13695.
70
Calculate the remainder when 574787022 is divided by 199.
198
What is the remainder when 318480 is divided by 926?
862
What is the remainder when 8786021 is divided by 976222?
23
What is the remainder when 1249901 is divided by 416615?
56
What is the remainder when 24199942 is divided by 36?
22
Calculate the remainder when 2719299 is divided by 193.
122
What is the remainder when 33005 is divided by 4686?
203
What is the remainder when 524000 is divided by 174603?
191
What is the remainder when 909876 is divided by 181963?
61
Calculate the remainder when 35225279 is divided by 4077.
4076
What is the remainder when 585672 is divided by 454?
12
What is the remainder when 2686516 is divided by 6924?
4
Calculate the remainder when 63574550 is divided by 371.
361
What is the remainder when 376387531 is divided by 148?
147
Calculate the remainder when 88149 is divided by 624.
165
Calculate the remainder when 3996008 is divided by 43.
18
Calculate the remainder when 385481 is divided by 751.
218
Calculate the remainder when 244528 is divided by 1454.
256
What is the remainder when 753870 is divided by 143?
117
Calculate the remainder when 41306555 is divided by 87.
86
What is the remainder when 88194 is divided by 5451?
978
What is the remainder when 589110 is divided by 98183?
12
Calculate the remainder when 433504 is divided by 105807.
10276
What is the remainder when 18205607 is divided by 348?
335
What is the remainder when 6196000 is divided by 178?
176
What is the remainder when 127786 is divided by 63430?
926
What is the remainder when 54847735 is divided by 57?
55
Calculate the remainder when 1124054 is divided by 38758.
72
Calculate the remainder when 2481687 is divided by 1951.
15
Calculate the remainder when 2217414 is divided by 74.
4
What is the remainder when 9429217 is divided by 68?
65
What is the remainder when 848028 is divided by 8926?
58
What is the remainder when 41372 is divided by 2288?
188
Calculate the remainder when 17328647 is divided by 189.
182
What is the remainder when 276034 is divided by 1423?
1395
What is the remainder when 9756976 is divided by 27?
13
What is the remainder when 830711 is divided by 479?
125
Calculate the remainder when 1074961 is divided by 53748.
1
What is the remainder when 1045421 is divided by 261355?
1
What is the remainder when 4419615 is divided by 600?
15
What is the remainder when 223836 is divided by 382?
366
Calculate the remainder when 2211419 is divided by 3219.
3185
What is the remainder when 148306 is divided by 73827?
652
Calculate the remainder when 471648 is divided by 9411.
1098
Calculate the remainder when 25071938 is divided by 57.
32
Calculate the remainder when 4988210 is divided by 1679.
1580
What is the remainder when 92723 is divided by 10302?
5
What is the remainder when 55679 is divided by 2602?
1037
Calculate the remainder when 1425168 is divided by 1062.
1026
Calculate the remainder when 1141838 is divided by 6792.
782
What is the remainder when 37855 is divided by 18828?
199
Calculate the remainder when 7426572 is divided by 3713277.
18
What is the remainder when 44909 is divided by 4563?
3842
Calculate the remainder when 462911 is divided by 16469.
1779
What is the remainder when 580770 is divided by 116144?
50
Calculate the remainder when 376054 is divided by 785.
39
What is the remainder when 12045837 is divided by 6722?
13
Calculate the remainder when 2952627 is divided by 210894.
111
What is the remainder when 44371481 is divided by 2967?
2963
Calculate the remainder when 39424 is divided by 2062.
246
Calculate the remainder when 670918426 is divided by 9793.
9789
What is the remainder when 22829 is divided by 266?
219
Calculate the remainder when 527563 is divided by 12866.
57
What is the remainder when 183488 is divided by 4991?
3812
What is the remainder when 192530 is divided by 553?
86
Calculate the remainder when 382523 is divided by 168.
155
What is the remainder when 3225759 is divided by 47?
8
Calculate the remainder when 116645 is divided by 956.
13
Calculate the remainder when 296527 is divided by 74131.
3
What is the remainder when 1814248 is divided by 8099?
72
Calculate the remainder when 54913292 is divided by 1212.
1208
Calculate the remainder when 455974 is divided by 3627.
2599
Calculate the remainder when 15310684 is divided by 1153.
1150
Calculate the remainder when 1227186 is divided by 136275.
711
Calculate the remainder when 7133602 is divided by 356676.
82
What is the remainder when 1499966 is divided by 499965?
71
What is the remainder when 2063652 is divided by 700?
52
Calculate the remainder when 402258 is divided by 134062.
72
Calculate the remainder when 18158893 is divided by 28329.
4
What is the remainder when 562 is divided by 236?
90
What is the remainder when 876906 is divided by 2176?
2154
Calculate the remainder when 1124528 is divided by 224900.
28
Calculate the remainder when 15943181 is divided by 11680.
11661
Calculate the remainder when 165888492 is divided by 20.
12
What is the remainder when 2647245 is divided by 1093?
1092
Calculate the remainder when 8923988 is divided by 867.
824
Calculate the remainder when 4586 is divided by 2997.
1589
What is the remainder when 1501736 is divided by 1767?
1553
What is the remainder when 562139